02 is divided by 1487.
1291
What is the remainder when 43221 is divided by 2694?
117
Calculate the remainder when 941970 is divided by 941893.
77
What is the remainder when 375636 is divided by 3?
0
Calculate the remainder when 28933382 is divided by 40.
22
What is the remainder when 251032 is divided by 300?
232
What is the remainder when 297815 is divided by 36325?
7215
Calculate the remainder when 309462 is divided by 93.
51
What is the remainder when 4765292 is divided by 15675?
92
Calculate the remainder when 1972374 is divided by 1011.
924
Calculate the remainder when 18099231 is divided by 35.
31
Calculate the remainder when 240434 is divided by 1005.
239
Calculate the remainder when 15643655 is divided by 63.
62
Calculate the remainder when 22144 is divided by 87.
46
Calculate the remainder when 57531261 is divided by 448.
445
What is the remainder when 6985440 is divided by 635039?
11
What is the remainder when 110415 is divided by 3084?
2475
What is the remainder when 3025178 is divided by 116?
14
Calculate the remainder when 193509 is divided by 193462.
47
What is the remainder when 987372 is divided by 968?
12
Calculate the remainder when 4323730 is divided by 617673.
19
Calculate the remainder when 204079031 is divided by 3741.
3740
What is the remainder when 886659 is divided by 8?
3
Calculate the remainder when 562041 is divided by 908.
897
What is the remainder when 427923 is divided by 870?
753
Calculate the remainder when 627087 is divided by 3104.
79
What is the remainder when 18252134 is divided by 10680?
14
Calculate the remainder when 90764532 is divided by 2513.
2511
Calculate the remainder when 8521719 is divided by 198.
195
What is the remainder when 62720510 is divided by 813?
812
What is the remainder when 863503 is divided by 41117?
46
Calculate the remainder when 905258 is divided by 11221.
7578
What is the remainder when 1418455 is divided by 237?
10
What is the remainder when 2493728 is divided by 494?
16
What is the remainder when 185582 is divided by 912?
446
What is the remainder when 78744921 is divided by 3472?
3433
Calculate the remainder when 38342 is divided by 2134.
2064
What is the remainder when 3491013 is divided by 4453?
4314
Calculate the remainder when 225336 is divided by 17603.
14100
Calculate the remainder when 443960 is divided by 466.
328
What is the remainder when 196688 is divided by 89?
87
What is the remainder when 1770221 is divided by 1758?
1673
What is the remainder when 80967 is divided by 19984?
1031
What is the remainder when 2018087 is divided by 155236?
19
What is the remainder when 2224 is divided by 1983?
241
Calculate the remainder when 37097302 is divided by 43.
41
What is the remainder when 2609385 is divided by 4554?
4497
What is the remainder when 64679 is divided by 33?
32
Calculate the remainder when 156035035 is divided by 174.
13
Calculate the remainder when 16208012 is divided by 16207998.
14
Calculate the remainder when 10720 is divided by 2351.
1316
Calculate the remainder when 85031 is divided by 669.
68
What is the remainder when 10266558 is divided by 2053280?
158
What is the remainder when 1195733 is divided by 18395?
58
Calculate the remainder when 850413758 is divided by 14.
12
What is the remainder when 33616202 is divided by 8624?
8474
Calculate the remainder when 24440 is divided by 76.
44
What is the remainder when 62621873 is divided by 126?
125
Calculate the remainder when 4630923 is divided by 500.
423
What is the remainder when 30726 is divided by 9866?
1128
What is the remainder when 43018580 is divided by 248?
4
Calculate the remainder when 442989 is divided by 10061.
305
What is the remainder when 13586515 is divided by 2280?
2275
What is the remainder when 1223435 is divided by 947?
858
Calculate the remainder when 11145391 is divided by 147.
145
Calculate the remainder when 146022123 is divided by 97.
69
What is the remainder when 13954366 is divided by 430?
6
Calculate the remainder when 68114 is divided by 11016.
2018
What is the remainder when 5405871 is divided by 2101?
2099
Calculate the remainder when 42384163 is divided by 257.
237
Calculate the remainder when 3579037 is divided by 165.
22
What is the remainder when 65472469 is divided by 30927?
10
Calculate the remainder when 82953 is divided by 8805.
3708
What is the remainder when 7867598 is divided by 3033?
3029
Calculate the remainder when 4342993 is divided by 334076.
5
Calculate the remainder when 865305 is divided by 12915.
0
Calculate the remainder when 1145813 is divided by 190899.
419
Calculate the remainder when 5448314 is divided by 5179.
6
What is the remainder when 1303502 is divided by 93104?
46
What is the remainder when 2576061 is divided by 2115?
2106
What is the remainder when 389462 is divided by 3448?
3286
What is the remainder when 71756 is divided by 23805?
341
Calculate the remainder when 33052936 is divided by 12606.
4
What is the remainder when 4488312 is divided by 1535?
1507
Calculate the remainder when 2453134 is divided by 1244.
1210
What is the remainder when 27409771 is divided by 100?
71
What is the remainder when 254489 is divided by 2766?
17
Calculate the remainder when 130221 is divided by 184.
133
What is the remainder when 3471 is divided by 3425?
46
What is the remainder when 12358729 is divided by 1235872?
9
What is the remainder when 23390 is divided by 71?
31
What is the remainder when 7611 is divided by 172?
43
Calculate the remainder when 7935 is divided by 170.
115
Calculate the remainder when 110278 is divided by 967.
40
Calculate the remainder when 4941123 is divided by 6930.
33
Calculate the remainder when 114049 is divided by 3006.
2827
Calculate the remainder when 40309056 is divided by 158697.
18
Calculate the remainder when 17164321 is divided by 3114.
3067
Calculate the remainder when 153566 is divided by 3743.
103
What is the remainder when 16612345 is divided by 572839?
14
What is the remainder when 13728656 is divided by 487?
126
What is the remainder when 48256273 is divided by 1357?
1353
What is the remainder when 3680738 is divided by 736147?
3
What is the remainder when 240375 is divided by 5341?
30
What is the remainder when 63125 is divided by 264?
29
Calculate the remainder when 82326 is divided by 38582.
5162
What is the remainder when 13134968 is divided by 500?
468
What is the remainder when 483580 is divided by 120886?
36
Calculate the remainder when 15995379 is divided by 42.
15
What is the remainder when 108649160 is divided by 36216345?
125
Calculate the remainder when 1759266 is divided by 757.
755
What is the remainder when 353873 is divided by 609?
44
Calculate the remainder when 25954 is divided by 8650.
4
What is the remainder when 1340187 is divided by 593?
7
Calculate the remainder when 2081015 is divided by 80018.
547
Calculate the remainder when 318042 is divided by 106003.
33
What is the remainder when 51723 is divided by 3672?
315
What is the remainder when 11184068 is divided by 1863983?
170
Calculate the remainder when 3095596 is divided by 6804.
6580
What is the remainder when 10136832 is divided by 7319?
17
What is the remainder when 1948445 is divided by 487107?
17
Calculate the remainder when 627275 is divided by 88.
11
What is the remainder when 169733 is divided by 1139?
22
Calculate the remainder when 126851 is divided by 63413.
25
Calculate the remainder when 8245027 is divided by 1913.
1910
What is the remainder when 67515 is divided by 16299?
2319
What is the remainder when 4854272 is divided by 21?
17
What is the remainder when 46669 is divided by 128?
77
What is the remainder when 87317694 is divided by 138?
126
What is the remainder when 1335792 is divided by 89?
80
What is the remainder when 50584 is divided by 50134?
450
What is the remainder when 3660689 is divided by 46?
9
What is the remainder when 749672 is divided by 10?
2
What is the remainder when 22999 is divided by 231?
130
What is the remainder when 2745736 is divided by 2653?
2534
Calculate the remainder when 108596 is divided by 25629.
6080
What is the remainder when 2256661 is divided by 8358?
1
Calculate the remainder when 61023852 is divided by 1132.
1128
Calculate the remainder when 28591 is divided by 12733.
3125
Calculate 